{"id":1218,"date":"2015-07-20T18:37:19","date_gmt":"2015-07-20T18:37:19","guid":{"rendered":"https:\/\/apps.tlt.stonybrook.edu\/wordpress\/disasters\/?page_id=1218"},"modified":"2025-01-28T23:31:20","modified_gmt":"2025-01-28T23:31:20","slug":"avalos-activismo-movilizacion-conflicto","status":"publish","type":"page","link":"https:\/\/envirodangers.studies.stonybrook.edu\/wordpress\/envirodangers\/avalos-activismo-movilizacion-conflicto\/","title":{"rendered":"Avalos &#8211; Activismo, Movilizaci\u00f3n, Conflicto"},"content":{"rendered":"\n<script>let player;\r\nvar blurb = \"Click a blue link to to a the point decribed in the video.\"\r\nlet ytID;\r\nlet shim = \"\"\r\nif (window.location.href.includes(\"tag\")) {\r\n\tshim = \"..\/\"\r\n}\r\n\r\nfunction onYouTubeIframeAPIReady() {\r\n\tplayer = new YT.Player('player', {\r\n\t\theight: '100%',\r\n\t\twidth: '100%',\r\n\t\tvideoId: ytID || 'EvKNG0SXdGI',\r\n\t\tplayerVars: {\r\n\t\t\t'playsinline': 1\r\n\t\t},\r\n\t\tevents: {\r\n\t\t\t'onReady': onPlayerReady,\r\n\t\t\t'onStateChange': onPlayerStateChange\r\n\t\t}\r\n\t})\r\n}\r\n\r\nfunction onPlayerReady(event) {\r\n\t\/\/ Function fires when player is ready.\r\n}\r\n\r\nvar done = false;\r\n\r\nfunction onPlayerStateChange(event) {\r\n\t\/\/ Example function, can be modified or removed.\r\n\tif (event.data == YT.PlayerState.PLAYING && !done) {\r\n\t\t\/\/ setTimeout(stopVideo, 6000);\r\n\t\t\/\/ done = true;\r\n\t}\r\n}\r\n\r\nfunction stopVideo() {\r\n\tplayer.stopVideo();\r\n}\r\n\r\nfunction playVideo(start) {\r\n\tconst element = document.getElementById(\"player-container\"); \/\/ Scroll to the container\r\n\tif (element) {\r\n\t\telement.scrollIntoView({\r\n\t\t\tblock: 'start',\r\n\t\t\tbehavior: 'smooth'\r\n\t\t});\r\n\t}\r\n\tplayer.seekTo(start);\r\n\tplayer.playVideo()\r\n}\r\n\r\n\r\nfunction loadSeminarYT(id, startTimes) {\r\n\tytID = id;\r\n\r\n\t\/\/ ---- NEW: Create a wrapper around the player for aspect ratio ----\r\n\tconst playerDiv = document.getElementById('player');\r\n\tif (playerDiv && !document.getElementById('player-container')) {\r\n\t\tconst playerWrapper = document.createElement('div');\r\n\t\tplayerWrapper.id = 'player-container';\r\n\t\tplayerDiv.parentNode.insertBefore(playerWrapper, playerDiv);\r\n\t\tplayerWrapper.appendChild(playerDiv);\r\n\t}\r\n\t\/\/ ---- END NEW ----\r\n\r\n\tvar tag = document.createElement('script');\r\n\ttag.src = \"https:\/\/www.youtube.com\/iframe_api\"; \/\/ Using official API source\r\n\tvar firstScriptTag = document.getElementsByTagName('script')[0];\r\n\tfirstScriptTag.parentNode.insertBefore(tag, firstScriptTag);\r\n\r\n\tconst styleId = 'yt-modern-styles';\r\n\tif (!document.getElementById(styleId)) {\r\n\t\tconst styleSheet = document.createElement(\"style\");\r\n\t\tstyleSheet.id = styleId;\r\n\t\t\/\/ ---- UPDATED: CSS now targets the new player-container ----\r\n\t\tstyleSheet.innerHTML = `\r\n\t\t\t#player-container {\r\n\t\t\t\tposition: relative;\r\n\t\t\t\toverflow: hidden;\r\n\t\t\t\twidth: 100%;\r\n\t\t\t\tpadding-top: 56.25%; \/* 16:9 Aspect Ratio *\/\r\n\t\t\t\tbackground: #000;\r\n\t\t\t\tmargin-bottom: 20px;\r\n\t\t\t}\r\n\t\t\t#player { \/* The #player element is now the iframe itself *\/\r\n\t\t\t\tposition: absolute;\r\n\t\t\t\ttop: 0;\r\n\t\t\t\tleft: 0;\r\n\t\t\t\twidth: 100%;\r\n\t\t\t\theight: 100%;\r\n\t\t\t\tborder: 0;\r\n\t\t\t}\r\n            .startLinks {\r\n                transition: transform 0.2s ease-in-out, box-shadow 0.2s ease-in-out;\r\n            }\r\n            .startLinks:hover {\r\n                transform: translateY(-3px);\r\n                box-shadow: 0 4px 12px rgba(0,0,0,0.1);\r\n            }\r\n            .startLinks a {\r\n                color: #333;\r\n                text-decoration: none;\r\n                font-weight: 500;\r\n            }\r\n        `;\r\n\t\tdocument.head.appendChild(styleSheet);\r\n\t}\r\n\r\n\tlet page = document.getElementsByClassName(\"table\")[0];\r\n\r\n\tfor (i of startTimes) {\r\n\t\tlet a = Object.assign(document.createElement(\"span\"), {\r\n\t\t\tinnerHTML: i.description\r\n\t\t});\r\n\t\tif (i.start) {\r\n\t\t\ta = Object.assign(document.createElement(\"a\"), {\r\n\t\t\t\thref: `javascript:playVideo(\"${i.start}\")`,\r\n\t\t\t\tinnerHTML: i.description\r\n\t\t\t})\r\n\t\t}\r\n\t\tObject.assign(a.style, {\r\n\t\t\tflexGrow: \"1\"\r\n\t\t});\r\n\r\n\t\tlet containerDiv = Object.assign(document.createElement(\"div\"), {\r\n\t\t\tclassName: \"startLinks\"\r\n\t\t});\r\n\r\n\t\tObject.assign(containerDiv.style, {\r\n\t\t\tdisplay: \"flex\",\r\n\t\t\talignItems: \"center\",\r\n\t\t\twidth: \"100%\",\r\n\t\t\tmarginBottom: \"15px\",\r\n\t\t\tpadding: \"16px\",\r\n\t\t\tbackgroundColor: \"#fff\",\r\n\t\t\tborderRadius: \"8px\",\r\n\t\t\tboxShadow: \"0 2px 8px rgba(0,0,0,0.07)\",\r\n\t\t\tflex: \"1 1 100%\",\r\n\t\t\tgridColumn: \"1 \/ -1\",\r\n\t\t\tboxSizing: \"border-box\"\r\n\t\t});\r\n\r\n\t\tif (i.thumbnail) {\r\n\t\t\tlet img = Object.assign(document.createElement(\"img\"), {\r\n\t\t\t\tsrc: `${shim}${i.thumbnail}`\r\n\t\t\t});\r\n\t\t\tObject.assign(img.style, {\r\n\t\t\t\twidth: \"80px\",\r\n\t\t\t\theight: \"80px\",\r\n\t\t\t\tobjectFit: \"cover\",\r\n\t\t\t\tborderRadius: \"6px\",\r\n\t\t\t\tmarginRight: \"16px\",\r\n\t\t\t\tflexShrink: \"0\"\r\n\t\t\t});\r\n\t\t\tcontainerDiv.append(img);\r\n\t\t}\r\n\r\n\t\tcontainerDiv.append(a);\r\n\t\tpage.append(containerDiv);\r\n\t}\r\n\r\n\tif (!document.getElementById(\"blurb\")) {\r\n\t\tlet blurbEl = Object.assign(document.createElement(\"div\"), {\r\n\t\t\tid: \"blurb\",\r\n\t\t\tinnerHTML: blurb\r\n\t\t});\r\n\t\tObject.assign(blurbEl.style, {\r\n\t\t\ttextAlign: 'center',\r\n\t\t\tcolor: '#666',\r\n\t\t\tmarginBottom: '20px',\r\n\t\t\tfontSize: '1em'\r\n\t\t});\r\n\t\tdocument.getElementsByClassName(\"entry-content\")[0].prepend(blurbEl);\r\n\t}\r\n}<\/script>\n<div id=\"player\"><\/div>\n<div class=\"table\"><\/div>\n<script>\n\ndata={\n    \"ytID\": \"-EPT6jQemn8\",\n    \"startTimes\": [\n        {\n            \"start\":2206,\n            \"description\":\"Arturo Lim\u00f3n sobre la contaminacion de Avalos; algunas de sus experiencias como ecologista.\",\n            \"thumbnail\":\"..\/files\/2015\/08\/Arturo-Limo\u0301n.png\"\n        },\n        {\n            \"start\":2921,\n            \"description\":\"Luz Helena San\u00edn: \\\"en el a\u00f1o 2004...hubo cambio de autoridades y ya hab\u00eda la voluntad de hacer una remediaci\u00f3n\\\"; pero \\\"el gobierno del estado hab\u00eda comprado los terrenos\\\" contaminados.\",\n            \"thumbnail\":\"..\/files\/2015\/08\/Luz-Helena-Sani\u0301n.png\"\n        },\n        {\n            \"start\":3512,\n            \"description\":\"Luz Helena San\u00edn sobre los resultados de su estudio: \\\"se hizo difusi\u00f3n, s\u00edntesis ejecutivas, antes de todo lo investigaci\u00f3n de publicar en Epidemiology\\\"; \\\"hubo mucho descontento\\\" con \\\"las partes interesadas\\\"; el dilema de los habitantes de las casas\",\n            \"thumbnail\":\"..\/files\/2015\/08\/Luz-Helena-Sani\u0301n.png\"\n        },\n        {\n            \"start\":3586,\n            \"description\":\"Luz Helena San\u00edn sobre las dificultades de lograr la remediaci\u00f3n: \\\"ah\u00ed fue muy claro si fuera una pelea entre la empresa y nosotros, [pero] realmente no era as\u00ed.\",\n            \"thumbnail\":\"..\/files\/2015\/08\/Luz-Helena-Sani\u0301n.png\"\n        },\n        {\n            \"start\":3683,\n            \"description\":\"Luz Helena San\u00edn: m\u00e1s en las acciones tomadas , el nuevo inter\u00e9s del gobierno a partir de 2005.\",\n            \"thumbnail\":\"..\/files\/2015\/08\/Luz-Helena-Sani\u0301n.png\"\n        },\n        {\n            \"start\":2381,\n            \"description\":\"Arturo Lim\u00f3n sobre c\u00f3mo recomend\u00f3 salvaguardando la zona Avalos a finales de 1980 con un \u00e1rea de amortiguamiento ambiental.\",\n            \"thumbnail\":\"..\/files\/2015\/08\/Arturo-Limo\u0301n.png\"\n        },\n        {\n            \"start\":2513,\n            \"description\":\"Arturo Lim\u00f3n sobre su participaci\u00f3n en un esfuerzo por limpiar la contaminaci\u00f3n de la ci\u00e9naga del Sacramento; la importancia de la aplicaci\u00f3n de presi\u00f3n sobre el gobierno\",\n            \"thumbnail\":\"..\/files\/2015\/08\/Arturo-Limo\u0301n.png\"\n        },\n\n        {\n            \"start\":8613,\n            \"description\":\"Daniel Lopez explica que muchos de estos beneficios \\\"fueron conquistas sindicales\",\n            \"thumbnail\":\"..\/files\/2015\/08\/Daniel-Lo\u0301pez.png\"\n        },\n\n        {\n            \"start\":9121,\n            \"description\":\"Carlos Manuel Zald\u00edvar P\u00e9rez, Ernesto Martinez y Luis Oscar Rodr\u00edguez discutan los roles del seguro social, del sindicato, y de la empresa en los servicios de salud.\",\n            \"thumbnail\":\"..\/files\/2015\/08\/Carlos-Manuel-Zaldi\u0301var-Pe\u0301rez.png\"\n        },\n\n        {\n            \"start\":9554,\n            \"description\":\"Ezequiel L\u00f3pez Gonz\u00e1lez: \\\"hubo corrupci\u00f3n en ciertas epocas, cosas de incapacidad y todo eso pero esa empresa fue de todos riesgos..\\\"; muchos accidentes fatales; \\\"el sindicato siempre presionaba a la empresa para que corrigiera toda la contaminaci\u00f3n, en todos los accidentes...\",\n            \"thumbnail\":\"..\/files\/2015\/08\/Ezequiel-Lo\u0301pez.png\"\n        }\n    ]\n}\n\nloadSeminarYT(data.ytID,data.startTimes)\n<\/script>\n","protected":false},"excerpt":{"rendered":"","protected":false},"author":256,"featured_media":0,"parent":0,"menu_order":0,"comment_status":"closed","ping_status":"open","template":"","meta":{"footnotes":""},"tags":[88,77,78,114,100,108,103,73,102,104],"class_list":["post-1218","page","type-page","status-publish","hentry","tag-activism-mobilization-conflict","tag-activismo-movilizacion-conflicto","tag-activistas","tag-activists","tag-avalos","tag-chihuahua","tag-fundicion","tag-lead","tag-plomo","tag-smelting"],"_links":{"self":[{"href":"https:\/\/envirodangers.studies.stonybrook.edu\/wordpress\/envirodangers\/wp-json\/wp\/v2\/pages\/1218","targetHints":{"allow":["GET"]}}],"collection":[{"href":"https:\/\/envirodangers.studies.stonybrook.edu\/wordpress\/envirodangers\/wp-json\/wp\/v2\/pages"}],"about":[{"href":"https:\/\/envirodangers.studies.stonybrook.edu\/wordpress\/envirodangers\/wp-json\/wp\/v2\/types\/page"}],"author":[{"embeddable":true,"href":"https:\/\/envirodangers.studies.stonybrook.edu\/wordpress\/envirodangers\/wp-json\/wp\/v2\/users\/256"}],"replies":[{"embeddable":true,"href":"https:\/\/envirodangers.studies.stonybrook.edu\/wordpress\/envirodangers\/wp-json\/wp\/v2\/comments?post=1218"}],"version-history":[{"count":26,"href":"https:\/\/envirodangers.studies.stonybrook.edu\/wordpress\/envirodangers\/wp-json\/wp\/v2\/pages\/1218\/revisions"}],"predecessor-version":[{"id":5634,"href":"https:\/\/envirodangers.studies.stonybrook.edu\/wordpress\/envirodangers\/wp-json\/wp\/v2\/pages\/1218\/revisions\/5634"}],"wp:attachment":[{"href":"https:\/\/envirodangers.studies.stonybrook.edu\/wordpress\/envirodangers\/wp-json\/wp\/v2\/media?parent=1218"}],"wp:term":[{"taxonomy":"post_tag","embeddable":true,"href":"https:\/\/envirodangers.studies.stonybrook.edu\/wordpress\/envirodangers\/wp-json\/wp\/v2\/tags?post=1218"}],"curies":[{"name":"wp","href":"https:\/\/api.w.org\/{rel}","templated":true}]}}